{"id":23,"date":"2021-03-27T21:57:24","date_gmt":"2021-03-27T20:57:24","guid":{"rendered":"http:\/\/clementineminisini.fr\/?page_id=23"},"modified":"2022-11-18T20:19:46","modified_gmt":"2022-11-18T19:19:46","slug":"no-friends","status":"publish","type":"page","link":"https:\/\/clementineminisini.fr\/index.php\/no-friends\/","title":{"rendered":"No friends"},"content":{"rendered":"\n<p>Les amiti\u00e9s d&#8217;une petite fille en pleine campagne occitane.<\/p>\n\n\n<div class=\"wp-block-image\">\n<figure class=\"alignleft size-large\"><img loading=\"lazy\" decoding=\"async\" width=\"1024\" height=\"704\" src=\"http:\/\/clementineminisini.fr\/wp-content\/uploads\/2021\/03\/tumblr_ohnkk1TDj41tce4t6o1_1280-1024x704.jpg\" alt=\"\" class=\"wp-image-166\" srcset=\"https:\/\/clementineminisini.fr\/wp-content\/uploads\/2021\/03\/tumblr_ohnkk1TDj41tce4t6o1_1280-1024x704.jpg 1024w, https:\/\/clementineminisini.fr\/wp-content\/uploads\/2021\/03\/tumblr_ohnkk1TDj41tce4t6o1_1280-300x206.jpg 300w, https:\/\/clementineminisini.fr\/wp-content\/uploads\/2021\/03\/tumblr_ohnkk1TDj41tce4t6o1_1280-768x528.jpg 768w, https:\/\/clementineminisini.fr\/wp-content\/uploads\/2021\/03\/tumblr_ohnkk1TDj41tce4t6o1_1280.jpg 1280w\" sizes=\"auto, (max-width: 1024px) 100vw, 1024px\" \/><\/figure>\n<\/div>\n\n\n<p><\/p>\n","protected":false},"excerpt":{"rendered":"<p>Les amiti\u00e9s d&#8217;une petite fille en pleine campagne occitane.<\/p>\n","protected":false},"author":1,"featured_media":0,"parent":0,"menu_order":0,"comment_status":"closed","ping_status":"closed","template":"","meta":{"footnotes":""},"class_list":["post-23","page","type-page","status-publish","hentry"],"yoast_head":"<!-- This site is optimized with the Yoast SEO plugin v20.6 - https:\/\/yoast.com\/wordpress\/plugins\/seo\/ -->\n<title>No friends - Cl\u00e9mentine Minisini<\/title>\n<meta name=\"description\" content=\"Enfance en pleine campagne au milieu des champs de tournesol entour\u00e9 de toute sortes d&#039;animaux. Une curieuse amiti\u00e9 va se former.\" \/>\n<meta name=\"robots\" content=\"index, follow, max-snippet:-1, max-image-preview:large, max-video-preview:-1\" \/>\n<link rel=\"canonical\" href=\"https:\/\/clementineminisini.fr\/index.php\/no-friends\/\" \/>\n<meta property=\"og:locale\" content=\"en_US\" \/>\n<meta property=\"og:type\" content=\"article\" \/>\n<meta property=\"og:title\" content=\"No friends - Cl\u00e9mentine Minisini\" \/>\n<meta property=\"og:description\" content=\"Enfance en pleine campagne au milieu des champs de tournesol entour\u00e9 de toute sortes d&#039;animaux. Une curieuse amiti\u00e9 va se former.\" \/>\n<meta property=\"og:url\" content=\"https:\/\/clementineminisini.fr\/index.php\/no-friends\/\" \/>\n<meta property=\"og:site_name\" content=\"Cl\u00e9mentine Minisini\" \/>\n<meta property=\"article:modified_time\" content=\"2022-11-18T19:19:46+00:00\" \/>\n<meta property=\"og:image\" content=\"http:\/\/clementineminisini.fr\/wp-content\/uploads\/2021\/03\/tumblr_ohnkk1TDj41tce4t6o1_1280-1024x704.jpg\" \/>\n<meta name=\"twitter:label1\" content=\"Est. reading time\" \/>\n\t<meta name=\"twitter:data1\" content=\"1 minute\" \/>\n<script type=\"application\/ld+json\" class=\"yoast-schema-graph\">{\"@context\":\"https:\/\/schema.org\",\"@graph\":[{\"@type\":\"WebPage\",\"@id\":\"https:\/\/clementineminisini.fr\/index.php\/no-friends\/\",\"url\":\"https:\/\/clementineminisini.fr\/index.php\/no-friends\/\",\"name\":\"No friends - Cl\u00e9mentine Minisini\",\"isPartOf\":{\"@id\":\"https:\/\/clementineminisini.fr\/#website\"},\"datePublished\":\"2021-03-27T20:57:24+00:00\",\"dateModified\":\"2022-11-18T19:19:46+00:00\",\"description\":\"Enfance en pleine campagne au milieu des champs de tournesol entour\u00e9 de toute sortes d'animaux. Une curieuse amiti\u00e9 va se former.\",\"breadcrumb\":{\"@id\":\"https:\/\/clementineminisini.fr\/index.php\/no-friends\/#breadcrumb\"},\"inLanguage\":\"en-US\",\"potentialAction\":[{\"@type\":\"ReadAction\",\"target\":[\"https:\/\/clementineminisini.fr\/index.php\/no-friends\/\"]}]},{\"@type\":\"BreadcrumbList\",\"@id\":\"https:\/\/clementineminisini.fr\/index.php\/no-friends\/#breadcrumb\",\"itemListElement\":[{\"@type\":\"ListItem\",\"position\":1,\"name\":\"Accueil\",\"item\":\"https:\/\/clementineminisini.fr\/\"},{\"@type\":\"ListItem\",\"position\":2,\"name\":\"No friends\"}]},{\"@type\":\"WebSite\",\"@id\":\"https:\/\/clementineminisini.fr\/#website\",\"url\":\"https:\/\/clementineminisini.fr\/\",\"name\":\"Cl\u00e9mentine Minisini\",\"description\":\"soleil, canard et chocolat\",\"potentialAction\":[{\"@type\":\"SearchAction\",\"target\":{\"@type\":\"EntryPoint\",\"urlTemplate\":\"https:\/\/clementineminisini.fr\/?s={search_term_string}\"},\"query-input\":\"required name=search_term_string\"}],\"inLanguage\":\"en-US\"}]}<\/script>\n<!-- \/ Yoast SEO plugin. -->","yoast_head_json":{"title":"No friends - Cl\u00e9mentine Minisini","description":"Enfance en pleine campagne au milieu des champs de tournesol entour\u00e9 de toute sortes d'animaux. Une curieuse amiti\u00e9 va se former.","robots":{"index":"index","follow":"follow","max-snippet":"max-snippet:-1","max-image-preview":"max-image-preview:large","max-video-preview":"max-video-preview:-1"},"canonical":"https:\/\/clementineminisini.fr\/index.php\/no-friends\/","og_locale":"en_US","og_type":"article","og_title":"No friends - Cl\u00e9mentine Minisini","og_description":"Enfance en pleine campagne au milieu des champs de tournesol entour\u00e9 de toute sortes d'animaux. Une curieuse amiti\u00e9 va se former.","og_url":"https:\/\/clementineminisini.fr\/index.php\/no-friends\/","og_site_name":"Cl\u00e9mentine Minisini","article_modified_time":"2022-11-18T19:19:46+00:00","og_image":[{"url":"http:\/\/clementineminisini.fr\/wp-content\/uploads\/2021\/03\/tumblr_ohnkk1TDj41tce4t6o1_1280-1024x704.jpg"}],"twitter_misc":{"Est. reading time":"1 minute"},"schema":{"@context":"https:\/\/schema.org","@graph":[{"@type":"WebPage","@id":"https:\/\/clementineminisini.fr\/index.php\/no-friends\/","url":"https:\/\/clementineminisini.fr\/index.php\/no-friends\/","name":"No friends - Cl\u00e9mentine Minisini","isPartOf":{"@id":"https:\/\/clementineminisini.fr\/#website"},"datePublished":"2021-03-27T20:57:24+00:00","dateModified":"2022-11-18T19:19:46+00:00","description":"Enfance en pleine campagne au milieu des champs de tournesol entour\u00e9 de toute sortes d'animaux. Une curieuse amiti\u00e9 va se former.","breadcrumb":{"@id":"https:\/\/clementineminisini.fr\/index.php\/no-friends\/#breadcrumb"},"inLanguage":"en-US","potentialAction":[{"@type":"ReadAction","target":["https:\/\/clementineminisini.fr\/index.php\/no-friends\/"]}]},{"@type":"BreadcrumbList","@id":"https:\/\/clementineminisini.fr\/index.php\/no-friends\/#breadcrumb","itemListElement":[{"@type":"ListItem","position":1,"name":"Accueil","item":"https:\/\/clementineminisini.fr\/"},{"@type":"ListItem","position":2,"name":"No friends"}]},{"@type":"WebSite","@id":"https:\/\/clementineminisini.fr\/#website","url":"https:\/\/clementineminisini.fr\/","name":"Cl\u00e9mentine Minisini","description":"soleil, canard et chocolat","potentialAction":[{"@type":"SearchAction","target":{"@type":"EntryPoint","urlTemplate":"https:\/\/clementineminisini.fr\/?s={search_term_string}"},"query-input":"required name=search_term_string"}],"inLanguage":"en-US"}]}},"_links":{"self":[{"href":"https:\/\/clementineminisini.fr\/index.php\/wp-json\/wp\/v2\/pages\/23","targetHints":{"allow":["GET"]}}],"collection":[{"href":"https:\/\/clementineminisini.fr\/index.php\/wp-json\/wp\/v2\/pages"}],"about":[{"href":"https:\/\/clementineminisini.fr\/index.php\/wp-json\/wp\/v2\/types\/page"}],"author":[{"embeddable":true,"href":"https:\/\/clementineminisini.fr\/index.php\/wp-json\/wp\/v2\/users\/1"}],"replies":[{"embeddable":true,"href":"https:\/\/clementineminisini.fr\/index.php\/wp-json\/wp\/v2\/comments?post=23"}],"version-history":[{"count":5,"href":"https:\/\/clementineminisini.fr\/index.php\/wp-json\/wp\/v2\/pages\/23\/revisions"}],"predecessor-version":[{"id":378,"href":"https:\/\/clementineminisini.fr\/index.php\/wp-json\/wp\/v2\/pages\/23\/revisions\/378"}],"wp:attachment":[{"href":"https:\/\/clementineminisini.fr\/index.php\/wp-json\/wp\/v2\/media?parent=23"}],"curies":[{"name":"wp","href":"https:\/\/api.w.org\/{rel}","templated":true}]}}