{"id":19,"date":"2021-03-27T21:57:24","date_gmt":"2021-03-27T20:57:24","guid":{"rendered":"http:\/\/clementineminisini.fr\/?page_id=19"},"modified":"2022-08-23T11:14:35","modified_gmt":"2022-08-23T09:14:35","slug":"je-ne-dis-plus-ton-nom","status":"publish","type":"page","link":"https:\/\/clementineminisini.fr\/index.php\/je-ne-dis-plus-ton-nom\/","title":{"rendered":"Je ne dis plus ton nom"},"content":{"rendered":"\n<p><\/p>\n\n\n\n<p>C&#8217;est un trajet en voiture. Les pages d\u00e9filent pour retrouver la personne disparue sur le lieu de leur premi\u00e8re rencontre. Les paysages et les pages explorent les souvenirs, cherchent les raisons de cette disparition et engagent un processus de r\u00e9silience. Les diff\u00e9rents plis permettent aux lecteurs diff\u00e9rentes lectures, diff\u00e9rents engagements dans le r\u00e9cit.\u00a0<br>Le lecteur peut seulement regarder les dessins, pouvant s&#8217;approprier les paysages, les contempler. Il peut lire uniquement le texte et entrer dans l&#8217;intimit\u00e9 d&#8217;un lien et de ses questionnements, tout en oubliant volontairement ou non de lire certains passages. Il peut \u00e9galement observer les dessins et lire les textes simultan\u00e9ment.\u00a0<br>Le grand d\u00e9ploiement de ce livre permet au lecteur d&#8217;\u00eatre dans l&#8217;intimit\u00e9 de la relation et d&#8217;y acc\u00e9der \u00e0 son rythme.<\/p>\n\n\n\n<figure class=\"wp-block-gallery columns-3 is-cropped wp-block-gallery-1 is-layout-flex wp-block-gallery-is-layout-flex\"><ul class=\"blocks-gallery-grid\"><li class=\"blocks-gallery-item\"><figure><img loading=\"lazy\" decoding=\"async\" width=\"1024\" height=\"1024\" src=\"http:\/\/clementineminisini.fr\/wp-content\/uploads\/2021\/03\/DSC_0158-1024x1024.jpg\" alt=\"\" data-id=\"63\" data-link=\"http:\/\/clementineminisini.fr\/index.php\/je-ne-dis-plus-ton-nom\/dsc_0158\/\" class=\"wp-image-63\" srcset=\"https:\/\/clementineminisini.fr\/wp-content\/uploads\/2021\/03\/DSC_0158-1024x1024.jpg 1024w, https:\/\/clementineminisini.fr\/wp-content\/uploads\/2021\/03\/DSC_0158-300x300.jpg 300w, https:\/\/clementineminisini.fr\/wp-content\/uploads\/2021\/03\/DSC_0158-150x150.jpg 150w, https:\/\/clementineminisini.fr\/wp-content\/uploads\/2021\/03\/DSC_0158-768x768.jpg 768w, https:\/\/clementineminisini.fr\/wp-content\/uploads\/2021\/03\/DSC_0158-1536x1536.jpg 1536w, https:\/\/clementineminisini.fr\/wp-content\/uploads\/2021\/03\/DSC_0158-2048x2048.jpg 2048w, https:\/\/clementineminisini.fr\/wp-content\/uploads\/2021\/03\/DSC_0158-640x640.jpg 640w, https:\/\/clementineminisini.fr\/wp-content\/uploads\/2021\/03\/DSC_0158-1200x1200.jpg 1200w\" sizes=\"auto, (max-width: 1024px) 100vw, 1024px\" \/><\/figure><\/li><li class=\"blocks-gallery-item\"><figure><img loading=\"lazy\" decoding=\"async\" width=\"1024\" height=\"1024\" src=\"http:\/\/clementineminisini.fr\/wp-content\/uploads\/2021\/03\/DSC_0159-1024x1024.jpg\" alt=\"\" data-id=\"64\" data-link=\"http:\/\/clementineminisini.fr\/index.php\/je-ne-dis-plus-ton-nom\/dsc_0159\/\" class=\"wp-image-64\" srcset=\"https:\/\/clementineminisini.fr\/wp-content\/uploads\/2021\/03\/DSC_0159-1024x1024.jpg 1024w, https:\/\/clementineminisini.fr\/wp-content\/uploads\/2021\/03\/DSC_0159-300x300.jpg 300w, https:\/\/clementineminisini.fr\/wp-content\/uploads\/2021\/03\/DSC_0159-150x150.jpg 150w, https:\/\/clementineminisini.fr\/wp-content\/uploads\/2021\/03\/DSC_0159-768x768.jpg 768w, https:\/\/clementineminisini.fr\/wp-content\/uploads\/2021\/03\/DSC_0159-1536x1536.jpg 1536w, https:\/\/clementineminisini.fr\/wp-content\/uploads\/2021\/03\/DSC_0159-2048x2048.jpg 2048w, https:\/\/clementineminisini.fr\/wp-content\/uploads\/2021\/03\/DSC_0159-640x640.jpg 640w, https:\/\/clementineminisini.fr\/wp-content\/uploads\/2021\/03\/DSC_0159-1200x1200.jpg 1200w\" sizes=\"auto, (max-width: 1024px) 100vw, 1024px\" \/><\/figure><\/li><li class=\"blocks-gallery-item\"><figure><img loading=\"lazy\" decoding=\"async\" width=\"1024\" height=\"1024\" src=\"http:\/\/clementineminisini.fr\/wp-content\/uploads\/2021\/03\/DSC_0164-1024x1024.jpg\" alt=\"\" data-id=\"65\" data-link=\"http:\/\/clementineminisini.fr\/index.php\/je-ne-dis-plus-ton-nom\/dsc_0164\/\" class=\"wp-image-65\" srcset=\"https:\/\/clementineminisini.fr\/wp-content\/uploads\/2021\/03\/DSC_0164-1024x1024.jpg 1024w, https:\/\/clementineminisini.fr\/wp-content\/uploads\/2021\/03\/DSC_0164-300x300.jpg 300w, https:\/\/clementineminisini.fr\/wp-content\/uploads\/2021\/03\/DSC_0164-150x150.jpg 150w, https:\/\/clementineminisini.fr\/wp-content\/uploads\/2021\/03\/DSC_0164-768x768.jpg 768w, https:\/\/clementineminisini.fr\/wp-content\/uploads\/2021\/03\/DSC_0164-1536x1536.jpg 1536w, https:\/\/clementineminisini.fr\/wp-content\/uploads\/2021\/03\/DSC_0164-2048x2048.jpg 2048w, https:\/\/clementineminisini.fr\/wp-content\/uploads\/2021\/03\/DSC_0164-640x640.jpg 640w, https:\/\/clementineminisini.fr\/wp-content\/uploads\/2021\/03\/DSC_0164-1200x1200.jpg 1200w\" sizes=\"auto, (max-width: 1024px) 100vw, 1024px\" \/><\/figure><\/li><li class=\"blocks-gallery-item\"><figure><img loading=\"lazy\" decoding=\"async\" width=\"1024\" height=\"683\" src=\"http:\/\/clementineminisini.fr\/wp-content\/uploads\/2021\/03\/DSC4004-1024x683.jpg\" alt=\"\" data-id=\"67\" data-full-url=\"http:\/\/clementineminisini.fr\/wp-content\/uploads\/2021\/03\/DSC4004.jpg\" data-link=\"http:\/\/clementineminisini.fr\/index.php\/je-ne-dis-plus-ton-nom\/dsc4004\/\" class=\"wp-image-67\" srcset=\"https:\/\/clementineminisini.fr\/wp-content\/uploads\/2021\/03\/DSC4004-1024x683.jpg 1024w, https:\/\/clementineminisini.fr\/wp-content\/uploads\/2021\/03\/DSC4004-300x200.jpg 300w, https:\/\/clementineminisini.fr\/wp-content\/uploads\/2021\/03\/DSC4004-768x513.jpg 768w, https:\/\/clementineminisini.fr\/wp-content\/uploads\/2021\/03\/DSC4004-1200x800.jpg 1200w, https:\/\/clementineminisini.fr\/wp-content\/uploads\/2021\/03\/DSC4004.jpg 1500w\" sizes=\"auto, (max-width: 1024px) 100vw, 1024px\" \/><\/figure><\/li><\/ul><\/figure>\n","protected":false},"excerpt":{"rendered":"<p>C&#8217;est un trajet en voiture. Les pages d\u00e9filent pour retrouver la personne disparue sur le lieu de leur premi\u00e8re rencontre. Les paysages et les pages explorent les souvenirs, cherchent les raisons de cette disparition et engagent un processus de r\u00e9silience. Les diff\u00e9rents plis permettent aux lecteurs diff\u00e9rentes lectures, diff\u00e9rents engagements dans le r\u00e9cit.\u00a0Le lecteur peut<\/p>\n<p class=\"more-link-wrapper\"><a href=\"https:\/\/clementineminisini.fr\/index.php\/je-ne-dis-plus-ton-nom\/\" class=\"more-link\">Continue Reading<span class=\"screen-reader-text\"> &#8220;Je ne dis plus ton nom&#8221;<\/span><\/a><\/p>\n","protected":false},"author":1,"featured_media":0,"parent":0,"menu_order":0,"comment_status":"closed","ping_status":"closed","template":"","meta":{"footnotes":""},"class_list":["post-19","page","type-page","status-publish","hentry"],"yoast_head":"<!-- This site is optimized with the Yoast SEO plugin v20.6 - https:\/\/yoast.com\/wordpress\/plugins\/seo\/ -->\n<title>Je ne dis plus ton nom - Cl\u00e9mentine Minisini<\/title>\n<meta name=\"robots\" content=\"index, follow, max-snippet:-1, max-image-preview:large, max-video-preview:-1\" \/>\n<link rel=\"canonical\" href=\"https:\/\/clementineminisini.fr\/index.php\/je-ne-dis-plus-ton-nom\/\" \/>\n<meta property=\"og:locale\" content=\"en_US\" \/>\n<meta property=\"og:type\" content=\"article\" \/>\n<meta property=\"og:title\" content=\"Je ne dis plus ton nom - Cl\u00e9mentine Minisini\" \/>\n<meta property=\"og:description\" content=\"C&#8217;est un trajet en voiture. Les pages d\u00e9filent pour retrouver la personne disparue sur le lieu de leur premi\u00e8re rencontre. Les paysages et les pages explorent les souvenirs, cherchent les raisons de cette disparition et engagent un processus de r\u00e9silience. Les diff\u00e9rents plis permettent aux lecteurs diff\u00e9rentes lectures, diff\u00e9rents engagements dans le r\u00e9cit.\u00a0Le lecteur peutContinue Reading &quot;Je ne dis plus ton nom&quot;\" \/>\n<meta property=\"og:url\" content=\"https:\/\/clementineminisini.fr\/index.php\/je-ne-dis-plus-ton-nom\/\" \/>\n<meta property=\"og:site_name\" content=\"Cl\u00e9mentine Minisini\" \/>\n<meta property=\"article:modified_time\" content=\"2022-08-23T09:14:35+00:00\" \/>\n<meta property=\"og:image\" content=\"http:\/\/clementineminisini.fr\/wp-content\/uploads\/2021\/03\/DSC_0158-1024x1024.jpg\" \/>\n<meta name=\"twitter:label1\" content=\"Est. reading time\" \/>\n\t<meta name=\"twitter:data1\" content=\"2 minutes\" \/>\n<script type=\"application\/ld+json\" class=\"yoast-schema-graph\">{\"@context\":\"https:\/\/schema.org\",\"@graph\":[{\"@type\":\"WebPage\",\"@id\":\"https:\/\/clementineminisini.fr\/index.php\/je-ne-dis-plus-ton-nom\/\",\"url\":\"https:\/\/clementineminisini.fr\/index.php\/je-ne-dis-plus-ton-nom\/\",\"name\":\"Je ne dis plus ton nom - Cl\u00e9mentine Minisini\",\"isPartOf\":{\"@id\":\"https:\/\/clementineminisini.fr\/#website\"},\"datePublished\":\"2021-03-27T20:57:24+00:00\",\"dateModified\":\"2022-08-23T09:14:35+00:00\",\"breadcrumb\":{\"@id\":\"https:\/\/clementineminisini.fr\/index.php\/je-ne-dis-plus-ton-nom\/#breadcrumb\"},\"inLanguage\":\"en-US\",\"potentialAction\":[{\"@type\":\"ReadAction\",\"target\":[\"https:\/\/clementineminisini.fr\/index.php\/je-ne-dis-plus-ton-nom\/\"]}]},{\"@type\":\"BreadcrumbList\",\"@id\":\"https:\/\/clementineminisini.fr\/index.php\/je-ne-dis-plus-ton-nom\/#breadcrumb\",\"itemListElement\":[{\"@type\":\"ListItem\",\"position\":1,\"name\":\"Accueil\",\"item\":\"https:\/\/clementineminisini.fr\/\"},{\"@type\":\"ListItem\",\"position\":2,\"name\":\"Je ne dis plus ton nom\"}]},{\"@type\":\"WebSite\",\"@id\":\"https:\/\/clementineminisini.fr\/#website\",\"url\":\"https:\/\/clementineminisini.fr\/\",\"name\":\"Cl\u00e9mentine Minisini\",\"description\":\"soleil, canard et chocolat\",\"potentialAction\":[{\"@type\":\"SearchAction\",\"target\":{\"@type\":\"EntryPoint\",\"urlTemplate\":\"https:\/\/clementineminisini.fr\/?s={search_term_string}\"},\"query-input\":\"required name=search_term_string\"}],\"inLanguage\":\"en-US\"}]}<\/script>\n<!-- \/ Yoast SEO plugin. -->","yoast_head_json":{"title":"Je ne dis plus ton nom - Cl\u00e9mentine Minisini","robots":{"index":"index","follow":"follow","max-snippet":"max-snippet:-1","max-image-preview":"max-image-preview:large","max-video-preview":"max-video-preview:-1"},"canonical":"https:\/\/clementineminisini.fr\/index.php\/je-ne-dis-plus-ton-nom\/","og_locale":"en_US","og_type":"article","og_title":"Je ne dis plus ton nom - Cl\u00e9mentine Minisini","og_description":"C&#8217;est un trajet en voiture. Les pages d\u00e9filent pour retrouver la personne disparue sur le lieu de leur premi\u00e8re rencontre. Les paysages et les pages explorent les souvenirs, cherchent les raisons de cette disparition et engagent un processus de r\u00e9silience. Les diff\u00e9rents plis permettent aux lecteurs diff\u00e9rentes lectures, diff\u00e9rents engagements dans le r\u00e9cit.\u00a0Le lecteur peutContinue Reading \"Je ne dis plus ton nom\"","og_url":"https:\/\/clementineminisini.fr\/index.php\/je-ne-dis-plus-ton-nom\/","og_site_name":"Cl\u00e9mentine Minisini","article_modified_time":"2022-08-23T09:14:35+00:00","og_image":[{"url":"http:\/\/clementineminisini.fr\/wp-content\/uploads\/2021\/03\/DSC_0158-1024x1024.jpg"}],"twitter_misc":{"Est. reading time":"2 minutes"},"schema":{"@context":"https:\/\/schema.org","@graph":[{"@type":"WebPage","@id":"https:\/\/clementineminisini.fr\/index.php\/je-ne-dis-plus-ton-nom\/","url":"https:\/\/clementineminisini.fr\/index.php\/je-ne-dis-plus-ton-nom\/","name":"Je ne dis plus ton nom - Cl\u00e9mentine Minisini","isPartOf":{"@id":"https:\/\/clementineminisini.fr\/#website"},"datePublished":"2021-03-27T20:57:24+00:00","dateModified":"2022-08-23T09:14:35+00:00","breadcrumb":{"@id":"https:\/\/clementineminisini.fr\/index.php\/je-ne-dis-plus-ton-nom\/#breadcrumb"},"inLanguage":"en-US","potentialAction":[{"@type":"ReadAction","target":["https:\/\/clementineminisini.fr\/index.php\/je-ne-dis-plus-ton-nom\/"]}]},{"@type":"BreadcrumbList","@id":"https:\/\/clementineminisini.fr\/index.php\/je-ne-dis-plus-ton-nom\/#breadcrumb","itemListElement":[{"@type":"ListItem","position":1,"name":"Accueil","item":"https:\/\/clementineminisini.fr\/"},{"@type":"ListItem","position":2,"name":"Je ne dis plus ton nom"}]},{"@type":"WebSite","@id":"https:\/\/clementineminisini.fr\/#website","url":"https:\/\/clementineminisini.fr\/","name":"Cl\u00e9mentine Minisini","description":"soleil, canard et chocolat","potentialAction":[{"@type":"SearchAction","target":{"@type":"EntryPoint","urlTemplate":"https:\/\/clementineminisini.fr\/?s={search_term_string}"},"query-input":"required name=search_term_string"}],"inLanguage":"en-US"}]}},"_links":{"self":[{"href":"https:\/\/clementineminisini.fr\/index.php\/wp-json\/wp\/v2\/pages\/19","targetHints":{"allow":["GET"]}}],"collection":[{"href":"https:\/\/clementineminisini.fr\/index.php\/wp-json\/wp\/v2\/pages"}],"about":[{"href":"https:\/\/clementineminisini.fr\/index.php\/wp-json\/wp\/v2\/types\/page"}],"author":[{"embeddable":true,"href":"https:\/\/clementineminisini.fr\/index.php\/wp-json\/wp\/v2\/users\/1"}],"replies":[{"embeddable":true,"href":"https:\/\/clementineminisini.fr\/index.php\/wp-json\/wp\/v2\/comments?post=19"}],"version-history":[{"count":4,"href":"https:\/\/clementineminisini.fr\/index.php\/wp-json\/wp\/v2\/pages\/19\/revisions"}],"predecessor-version":[{"id":325,"href":"https:\/\/clementineminisini.fr\/index.php\/wp-json\/wp\/v2\/pages\/19\/revisions\/325"}],"wp:attachment":[{"href":"https:\/\/clementineminisini.fr\/index.php\/wp-json\/wp\/v2\/media?parent=19"}],"curies":[{"name":"wp","href":"https:\/\/api.w.org\/{rel}","templated":true}]}}

<p></p>



<p>C&#8217;est un trajet en voiture. Les pages défilent pour retrouver la personne disparue sur le lieu de leur première rencontre. Les paysages et les pages explorent les souvenirs, cherchent les raisons de cette disparition et engagent un processus de résilience. Les différents plis permettent aux lecteurs différentes lectures, différents engagements dans le récit. <br>Le lecteur peut seulement regarder les dessins, pouvant s&#8217;approprier les paysages, les contempler. Il peut lire uniquement le texte et entrer dans l&#8217;intimité d&#8217;un lien et de ses questionnements, tout en oubliant volontairement ou non de lire certains passages. Il peut également observer les dessins et lire les textes simultanément. <br>Le grand déploiement de ce livre permet au lecteur d&#8217;être dans l&#8217;intimité de la relation et d&#8217;y accéder à son rythme.</p>



<figure class="wp-block-gallery columns-3 is-cropped wp-block-gallery-1 is-layout-flex wp-block-gallery-is-layout-flex"><ul class="blocks-gallery-grid"><li class="blocks-gallery-item"><figure><img loading="lazy" decoding="async" width="1024" height="1024" src="http://clementineminisini.fr/wp-content/uploads/2021/03/DSC_0158-1024x1024.jpg" alt="" data-id="63" data-link="http://clementineminisini.fr/index.php/je-ne-dis-plus-ton-nom/dsc_0158/" class="wp-image-63" srcset="https://clementineminisini.fr/wp-content/uploads/2021/03/DSC_0158-1024x1024.jpg 1024w, https://clementineminisini.fr/wp-content/uploads/2021/03/DSC_0158-300x300.jpg 300w, https://clementineminisini.fr/wp-content/uploads/2021/03/DSC_0158-150x150.jpg 150w, https://clementineminisini.fr/wp-content/uploads/2021/03/DSC_0158-768x768.jpg 768w, https://clementineminisini.fr/wp-content/uploads/2021/03/DSC_0158-1536x1536.jpg 1536w, https://clementineminisini.fr/wp-content/uploads/2021/03/DSC_0158-2048x2048.jpg 2048w, https://clementineminisini.fr/wp-content/uploads/2021/03/DSC_0158-640x640.jpg 640w, https://clementineminisini.fr/wp-content/uploads/2021/03/DSC_0158-1200x1200.jpg 1200w" sizes="auto, (max-width: 1024px) 100vw, 1024px" /></figure></li><li class="blocks-gallery-item"><figure><img loading="lazy" decoding="async" width="1024" height="1024" src="http://clementineminisini.fr/wp-content/uploads/2021/03/DSC_0159-1024x1024.jpg" alt="" data-id="64" data-link="http://clementineminisini.fr/index.php/je-ne-dis-plus-ton-nom/dsc_0159/" class="wp-image-64" srcset="https://clementineminisini.fr/wp-content/uploads/2021/03/DSC_0159-1024x1024.jpg 1024w, https://clementineminisini.fr/wp-content/uploads/2021/03/DSC_0159-300x300.jpg 300w, https://clementineminisini.fr/wp-content/uploads/2021/03/DSC_0159-150x150.jpg 150w, https://clementineminisini.fr/wp-content/uploads/2021/03/DSC_0159-768x768.jpg 768w, https://clementineminisini.fr/wp-content/uploads/2021/03/DSC_0159-1536x1536.jpg 1536w, https://clementineminisini.fr/wp-content/uploads/2021/03/DSC_0159-2048x2048.jpg 2048w, https://clementineminisini.fr/wp-content/uploads/2021/03/DSC_0159-640x640.jpg 640w, https://clementineminisini.fr/wp-content/uploads/2021/03/DSC_0159-1200x1200.jpg 1200w" sizes="auto, (max-width: 1024px) 100vw, 1024px" /></figure></li><li class="blocks-gallery-item"><figure><img loading="lazy" decoding="async" width="1024" height="1024" src="http://clementineminisini.fr/wp-content/uploads/2021/03/DSC_0164-1024x1024.jpg" alt="" data-id="65" data-link="http://clementineminisini.fr/index.php/je-ne-dis-plus-ton-nom/dsc_0164/" class="wp-image-65" srcset="https://clementineminisini.fr/wp-content/uploads/2021/03/DSC_0164-1024x1024.jpg 1024w, https://clementineminisini.fr/wp-content/uploads/2021/03/DSC_0164-300x300.jpg 300w, https://clementineminisini.fr/wp-content/uploads/2021/03/DSC_0164-150x150.jpg 150w, https://clementineminisini.fr/wp-content/uploads/2021/03/DSC_0164-768x768.jpg 768w, https://clementineminisini.fr/wp-content/uploads/2021/03/DSC_0164-1536x1536.jpg 1536w, https://clementineminisini.fr/wp-content/uploads/2021/03/DSC_0164-2048x2048.jpg 2048w, https://clementineminisini.fr/wp-content/uploads/2021/03/DSC_0164-640x640.jpg 640w, https://clementineminisini.fr/wp-content/uploads/2021/03/DSC_0164-1200x1200.jpg 1200w" sizes="auto, (max-width: 1024px) 100vw, 1024px" /></figure></li><li class="blocks-gallery-item"><figure><img loading="lazy" decoding="async" width="1024" height="683" src="http://clementineminisini.fr/wp-content/uploads/2021/03/DSC4004-1024x683.jpg" alt="" data-id="67" data-full-url="http://clementineminisini.fr/wp-content/uploads/2021/03/DSC4004.jpg" data-link="http://clementineminisini.fr/index.php/je-ne-dis-plus-ton-nom/dsc4004/" class="wp-image-67" srcset="https://clementineminisini.fr/wp-content/uploads/2021/03/DSC4004-1024x683.jpg 1024w, https://clementineminisini.fr/wp-content/uploads/2021/03/DSC4004-300x200.jpg 300w, https://clementineminisini.fr/wp-content/uploads/2021/03/DSC4004-768x513.jpg 768w, https://clementineminisini.fr/wp-content/uploads/2021/03/DSC4004-1200x800.jpg 1200w, https://clementineminisini.fr/wp-content/uploads/2021/03/DSC4004.jpg 1500w" sizes="auto, (max-width: 1024px) 100vw, 1024px" /></figure></li></ul></figure>

<p>C&#8217;est un trajet en voiture. Les pages défilent pour retrouver la personne disparue sur le lieu de leur première rencontre. Les paysages et les pages explorent les souvenirs, cherchent les raisons de cette disparition et engagent un processus de résilience. Les différents plis permettent aux lecteurs différentes lectures, différents engagements dans le récit. Le lecteur peut</p>
<p class="more-link-wrapper"><a href="https://clementineminisini.fr/index.php/je-ne-dis-plus-ton-nom/" class="more-link">Continue Reading<span class="screen-reader-text"> &#8220;Je ne dis plus ton nom&#8221;</span></a></p>

<!-- This site is optimized with the Yoast SEO plugin v20.6 - https://yoast.com/wordpress/plugins/seo/ -->
<title>Je ne dis plus ton nom - Clémentine Minisini</title>
<meta name="robots" content="index, follow, max-snippet:-1, max-image-preview:large, max-video-preview:-1" />
<link rel="canonical" href="https://clementineminisini.fr/index.php/je-ne-dis-plus-ton-nom/" />
<meta property="og:locale" content="en_US" />
<meta property="og:type" content="article" />
<meta property="og:title" content="Je ne dis plus ton nom - Clémentine Minisini" />
<meta property="og:description" content="C&#8217;est un trajet en voiture. Les pages défilent pour retrouver la personne disparue sur le lieu de leur première rencontre. Les paysages et les pages explorent les souvenirs, cherchent les raisons de cette disparition et engagent un processus de résilience. Les différents plis permettent aux lecteurs différentes lectures, différents engagements dans le récit. Le lecteur peutContinue Reading &quot;Je ne dis plus ton nom&quot;" />
<meta property="og:url" content="https://clementineminisini.fr/index.php/je-ne-dis-plus-ton-nom/" />
<meta property="og:site_name" content="Clémentine Minisini" />
<meta property="article:modified_time" content="2022-08-23T09:14:35+00:00" />
<meta property="og:image" content="http://clementineminisini.fr/wp-content/uploads/2021/03/DSC_0158-1024x1024.jpg" />
<meta name="twitter:label1" content="Est. reading time" />
	<meta name="twitter:data1" content="2 minutes" />
<script type="application/ld+json" class="yoast-schema-graph">{"@context":"https://schema.org","@graph":[{"@type":"WebPage","@id":"https://clementineminisini.fr/index.php/je-ne-dis-plus-ton-nom/","url":"https://clementineminisini.fr/index.php/je-ne-dis-plus-ton-nom/","name":"Je ne dis plus ton nom - Clémentine Minisini","isPartOf":{"@id":"https://clementineminisini.fr/#website"},"datePublished":"2021-03-27T20:57:24+00:00","dateModified":"2022-08-23T09:14:35+00:00","breadcrumb":{"@id":"https://clementineminisini.fr/index.php/je-ne-dis-plus-ton-nom/#breadcrumb"},"inLanguage":"en-US","potentialAction":[{"@type":"ReadAction","target":["https://clementineminisini.fr/index.php/je-ne-dis-plus-ton-nom/"]}]},{"@type":"BreadcrumbList","@id":"https://clementineminisini.fr/index.php/je-ne-dis-plus-ton-nom/#breadcrumb","itemListElement":[{"@type":"ListItem","position":1,"name":"Accueil","item":"https://clementineminisini.fr/"},{"@type":"ListItem","position":2,"name":"Je ne dis plus ton nom"}]},{"@type":"WebSite","@id":"https://clementineminisini.fr/#website","url":"https://clementineminisini.fr/","name":"Clémentine Minisini","description":"soleil, canard et chocolat","potentialAction":[{"@type":"SearchAction","target":{"@type":"EntryPoint","urlTemplate":"https://clementineminisini.fr/?s={search_term_string}"},"query-input":"required name=search_term_string"}],"inLanguage":"en-US"}]}</script>
<!-- / Yoast SEO plugin. -->

Je ne dis plus ton nom - Clémentine Minisini

C&#8217;est un trajet en voiture. Les pages défilent pour retrouver la personne disparue sur le lieu de leur première rencontre. Les paysages et les pages explorent les souvenirs, cherchent les raisons de cette disparition et engagent un processus de résilience. Les différents plis permettent aux lecteurs différentes lectures, différents engagements dans le récit. Le lecteur peutContinue Reading "Je ne dis plus ton nom"

Clémentine Minisini
